greatest common factor of 349200 and 624?
48
What is the greatest common divisor of 3211 and 187720?
247
Calculate the greatest common divisor of 63 and 267.
3
What is the highest common divisor of 966 and 5446?
14
Calculate the greatest common factor of 258408 and 1628.
148
What is the greatest common factor of 41676 and 11868?
276
What is the highest common divisor of 108288 and 192?
192
Calculate the highest common factor of 57 and 851143.
19
Calculate the highest common factor of 41095 and 20.
5
Calculate the highest common divisor of 360200 and 75.
25
What is the greatest common factor of 49526 and 8?
2
What is the greatest common divisor of 231 and 1081443?
33
What is the greatest common divisor of 253 and 165484?
11
What is the highest common factor of 58812 and 156?
156
Calculate the greatest common divisor of 4142 and 5.
1
Calculate the highest common divisor of 17802 and 36.
18
Calculate the greatest common divisor of 194123 and 17.
17
Calculate the greatest common factor of 40 and 163620.
20
Calculate the highest common divisor of 931675 and 75.
25
Calculate the highest common factor of 1456 and 75075.
91
What is the greatest common divisor of 25227 and 441?
9
What is the highest common factor of 28688 and 22?
22
What is the highest common factor of 90753 and 1014?
507
Calculate the highest common factor of 1547 and 952.
119
What is the highest common divisor of 9991 and 97?
97
Calculate the greatest common divisor of 4347 and 10304.
161
What is the highest common factor of 2338 and 269371?
167
Calculate the greatest common factor of 234036 and 5940.
1188
Calculate the greatest common divisor of 7248673 and 521.
521
Calculate the highest common divisor of 198558 and 54.
54
What is the highest common factor of 128 and 9686?
2
Calculate the greatest common divisor of 5265 and 520.
65
Calculate the highest common divisor of 156 and 663.
39
What is the greatest common factor of 2353 and 91?
13
Calculate the highest common factor of 2220 and 660.
60
Calculate the greatest common divisor of 12753 and 70632.
981
Calculate the highest common divisor of 725 and 1247.
29
What is the greatest common factor of 4186 and 220478?
46
Calculate the greatest common divisor of 857 and 348799.
857
What is the greatest common divisor of 42552 and 264?
24
What is the greatest common factor of 41 and 3042241?
41
Calculate the highest common divisor of 7015 and 33695.
115
What is the greatest common factor of 1692 and 30879?
423
Calculate the greatest common factor of 2869 and 7011.
19
Calculate the greatest common factor of 2912 and 4641.
91
Calculate the greatest common divisor of 239677 and 178.
89
What is the greatest common divisor of 22231 and 2365?
473
Calculate the highest common divisor of 1846 and 63616.
142
What is the greatest common divisor of 116 and 145754?
58
What is the highest common factor of 239554 and 98?
14
Calculate the highest common factor of 687 and 5954.
229
What is the highest common divisor of 42867 and 396?
99
Calculate the highest common divisor of 97 and 16.
1
Calculate the highest common divisor of 39336 and 1144.
88
What is the highest common factor of 1850 and 650?
50
What is the highest common factor of 7695 and 405?
405
Calculate the greatest common divisor of 40 and 45640.
40
What is the highest common divisor of 64649 and 13?
13
Calculate the greatest common divisor of 51 and 63376.
17
What is the highest common factor of 760 and 1096?
8
Calculate the highest common divisor of 612 and 396.
36
What is the highest common factor of 36 and 155646?
18
What is the greatest common factor of 199305 and 42570?
1935
Calculate the highest common divisor of 435 and 1890.
15
Calculate the greatest common factor of 1554344 and 264.
88
What is the highest common divisor of 46352 and 18?
2
What is the highest common factor of 694543 and 652?
163
Calculate the highest common factor of 54 and 10231542.
54
Calculate the greatest common factor of 59 and 1111.
1
Calculate the highest common divisor of 218 and 125459.
109
What is the greatest common divisor of 3306 and 1566?
174
Calculate the highest common divisor of 31164 and 826.
14
Calculate the greatest common factor of 15693390 and 45.
45
What is the highest common divisor of 28304 and 232?
232
What is the greatest common divisor of 532 and 566010?
38
What is the highest common factor of 678 and 51980?
226
What is the greatest common divisor of 635 and 10024745?
635
Calculate the greatest common factor of 35334 and 1053.
117
What is the greatest common divisor of 21862 and 7004?
34
Calculate the highest common factor of 23 and 13513328.
23
What is the highest common divisor of 455588 and 2544?
212
Calculate the greatest common divisor of 7772 and 19372.
116
What is the greatest common divisor of 59580 and 40?
20
Calculate the highest common divisor of 138264 and 3192.
168
Calculate the highest common factor of 40278 and 1176.
294
Calculate the highest common divisor of 108 and 1010700.
36
Calculate the greatest common divisor of 4689216 and 32.
32
What is the highest common factor of 12744 and 297?
27
What is the highest common factor of 50481 and 12?
3
What is the greatest common divisor of 1295 and 1260?
35
Calculate the greatest common factor of 93470 and 650.
130
What is the greatest common factor of 85569 and 429?
33
Calculate the greatest common divisor of 735057 and 1035.
207
Calculate the highest common factor of 1548 and 11911.
43
Calculate the greatest common divisor of 448739 and 163.
163
Calculate the greatest common factor of 1015 and 155092.
203
What is the greatest common divisor of 5177 and 92351?
167
Calculate the greatest common factor of 193193 and 2431.
143
What is the highest common divisor of 383670 and 10?
10
Calculate the highest common divisor of 110504 and 1064.
152
What is the greatest common factor of 206343 and 11577?
681
Calculate the highest common factor of 265 and 2105266.
53
What is the highest common factor of 1980 and 744?
12
What is the greatest common factor of 74250 and 2160?
270
What is the highest common factor of 201506 and 318?
106
Calculate the highest common factor of 50 and 192380.
10
What is the greatest common divisor of 120 and 237060?
60
What is the greatest common factor of 1408 and 671?
11
What is the highest common factor of 8750 and 102625?
125
Calculate the greatest common divisor of 57944 and 40.
8
What is the greatest common factor of 3805423 and 367?
367
Calculate the greatest common divisor of 7490 and 620.
10
Calculate the greatest common divisor of 2673 and 5103.
243
What is the highest common divisor of 292690 and 40?
10
What is the highest common divisor of 820 and 118244?
164
Calculate the highest common divisor of 32805 and 3060.
45
What is the greatest common factor of 26 and 251173?
13
What is the highest common divisor of 300982 and 88?
22
What is the greatest common divisor of 570 and 370?
10
What is the greatest common divisor of 7 and 64?
1
What is the highest common divisor of 199706 and 26?
26
Calculate the highest common factor of 483223 and 65.
13
What is the highest common factor of 184443 and 294?
21
What is the greatest common factor of 126531 and 1088?
17
What is the greatest common divisor of 5886 and 69324?
654
Calculate the highest common factor of 1605 and 68480.
535
Calculate the greatest common factor of 35 and 321505.
5
What is the greatest common divisor of 119793 and 13359?
219
Calculate the greatest common divisor of 11297 and 4576.
143
What is the greatest common divisor of 1374 and 1044?
6
What is the highest common divisor of 1226778 and 14?
14
What is the greatest common divisor of 2893 and 638?
11
Calculate the highest common factor of 120982 and 4518.
502
Calculate the highest common factor of 8789640 and 267.
267
Calculate the highest common divisor of 455 and 6695.
65
What is the highest common divisor of 506 and 3243?
23
What is the greatest common factor of 111500 and 446?
446
Calculate the greatest common divisor of 19920 and 6288.
48
What is the highest common factor of 145314 and 1638?
234
Calculate the greatest common factor of 318976 and 1344.
448
What is the greatest common divisor of 8071 and 7?
7
What is the highest common factor of 78740 and 2232?
124
Calculate the greates